374. Calculate a(-102).
-32
Let t(b) = 8*b**2 + 603*b + 7011. Give t(-61).
-4
Let b(i) = -i**3 - 18*i**2 + 19*i + 280. What is b(-12)?
-812
Let t(j) = 3*j**2 - 368*j + 10370. What is t(53)?
-707
Let a(n) = -25*n**2 + 4343*n + 1260. Give a(174).
42
Let r(z) = 55*z**2 - 82*z + 287. Give r(4).
839
Let z(v) = 2749*v + 153977. Determine z(-56).
33
Let r(w) = w**2 + 115577*w + 808996. What is r(-7)?
6
Let f(u) = 21680*u - 86821. Calculate f(4).
-101
Let a(b) = 149910*b + 299814. Give a(-2).
-6
Let o(c) = 8*c**3 + 291*c**2 + 387*c + 92. What is o(-35)?
22
Let k(d) = 9*d**2 - 733*d - 989. Calculate k(83).
173
Let m(a) = -30232*a - 120924. Calculate m(-4).
4
Let g(u) = -u**3 + 748*u**2 + 34011*u - 121. Determine g(-43).
-35
Let h(w) = -96628*w + 17296419. Determine h(179).
7
Let b(q) = -q**3 - 84*q**2 + 574*q + 60518. Give b(-82).
2
Let n(u) = -37604*u + 3798028. What is n(101)?
24
Let d(y) = 292*y**2 - 4654*y - 270. What is d(16)?
18
Let g(b) = 16*b**2 - 71*b + 554. Determine g(7).
841
Let w(i) = -i**2 - 1100*i + 282720. Calculate w(215).
-5
Let h(c) = -326*c**2 - 8461*c + 464. Calculate h(-26).
74
Let b(n) = -10353*n + 175967. Calculate b(17).
-34
Let z(n) = 390*n + 2602. Calculate z(-9).
-908
Let k(r) = -68057*r + 544468. What is k(8)?
12
Let q(p) = -1218*p + 376364. Calculate q(309).
2
Let z(t) = t**2 - 990*t - 169705. Determine z(-149).
6
Let j(x) = 24596*x + 688740. Give j(-28).
52
Let i(d) = 111*d**2 - 2145*d - 2141. What is i(-1)?
115
Let m(g) = -54*g**2 + 664*g - 1324. Determine m(2).
-212
Let q(x) = 1924*x**2 + 123133*x + 141. Calculate q(-64).
333
Let y(j) = 2359*j + 32274. Calculate y(-13).
1607
Let m(q) = -q**3 - 274*q**2 - 4367*q + 106. Calculate m(-257).
-408
Let u(m) = -15*m**3 - 25*m**2 + 113*m - 279. Calculate u(6).
-3741
Let s(z) = -9*z + 9. Calculate s(-18).
171
Let f(i) = i**3 + 250*i**2 + 925*i - 14525. Give f(-246).
-11
Let q(l) = -l**2 - 6*l + 1861. Give q(46).
-531
Let m(i) = 957*i + 4114. Determine m(-5).
-671
Let f(y) = -501*y + 31796. Calculate f(64).
-268
Let z(n) = -650*n**2 - 7283*n + 80. Determine z(-11).
1543
Let j(i) = -188*i - 2357. What is j(-13)?
87
Let g(h) = 12*h**2 - 86*h - 11401. Give g(-27).
-331
Let z(h) = 1202*h**2 - 21635*h - 107. Determine z(18).
-89
Let z(x) = x**2 - 170*x + 469. What is z(167)?
-32
Let s(z) = 15998*z + 112002. Give s(-7).
16
Let r(x) = x**2 + 92*x + 2056. Calculate r(-80).
1096
Let p(k) = 315882*k + 2211160. Give p(-7).
-14
Let k(x) = 14*x**2 - 4021*x + 74818. What is k(20)?
-2
Let f(j) = j**2 - 58*j + 469. What is f(14)?
-147
Let a(f) = 37*f**2 + 1179*f - 178. Calculate a(-32).
-18
Let b(q) = -5*q**3 - 10*q**2 - 1360*q - 8343. Give b(-6).
537
Let h(w) = -25*w**2 - 5324*w + 122817. Give h(21).
-12
Let g(x) = x + 1235. What is g(24)?
1259
Let j(h) = -2*h**3 + 50*h**2 - 13*h + 129. Determine j(25).
-196
Let w(x) = -42*x**2 - 11651*x - 4602. Determine w(-277).
107
Let j(d) = 370*d + 68324. Calculate j(-185).
-126
Let j(i) = -9*i**2 - 2492*i - 27330. Determine j(-11).
-1007
Let w(f) = -3*f**2 - 571*f + 3134. Give w(-197).
-806
Let f(m) = 224817*m - 449634. Give f(2).
0
Let y(j) = 463*j + 18721. Determine y(-40).
201
Let s(k) = -77*k**2 + 338*k + 255. What is s(6)?
-489
Let q(s) = -s**3 - 14*s**2 - 24*s - 1322. Give q(-17).
-47
Let h(c) = -4*c**2 - 13221*c - 561114. Determine h(-43).
-7
Let s(t) = 724*t - 9479. What is s(22)?
6449
Let v(a) = 31*a**2 - 1541*a - 2081. Calculate v(51).
-41
Let r(i) = 9*i**2 - 23*i - 112. Give r(4).
-60
Let j(k) = -3*k**2 + 413*k - 7513. Determine j(117).
-259
Let m(r) = r**2 - 352*r + 28151. What is m(180)?
-2809
Let f(y) = 6*y**2 - 2093*y + 141764. Give f(92).
-8
Let y(a) = -368*a + 3146. Determine y(7).
570
Let c(y) = -9*y**2 + 250*y - 1288. Calculate c(7).
21
Let t(h) = -25*h**2 - 237*h - 131. What is t(-11)?
-549
Let r(a) = 58*a**3 - 3075*a**2 + 34*a + 925. Give r(53).
-82
Let v(j) = -174*j**2 - 3835*j + 3839. What is v(-23)?
-2
Let a(m) = -1428*m - 1066. Calculate a(2).
-3922
Let w(d) = -786*d - 149293. What is w(-190)?
47
Let u(s) = -4831*s - 43298. Give u(-9).
181
Let o(s) = -7*s**3 - 15*s**2 - 33*s + 122. What is o(2)?
-60
Let y(f) = 3572*f - 7151. Give y(2).
-7
Let f(k) = -3*k**3 - 192*k**2 - 202*k - 234. What is f(-63)?
585
Let w(z) = -290*z + 6412. Calculate w(21).
322
Let g(p) = -2*p**2 - 347*p - 10230. Determine g(-41).
635
Let d(g) = -g**3 + 52*g**2 - 538*g + 1231. Determine d(39).
22
Let o(t) = -652*t + 2716. Determine o(3).
760
Let w(c) = 17*c**2 + 462*c + 3550. Calculate w(-8).
942
Let w(d) = 37*d**2 - 367*d + 58. Determine w(10).
88
Let r(v) = -7*v**3 + 812*v**2 + 285*v - 33014. What is r(116)?
46
Let k(h) = -h**2 - 156*h - 5039. What is k(-42)?
-251
Let o(q) = -11134*q - 55711. Give o(-5).
-41
Let d(r) = 42*r - 27. Determine d(-34).
-1455
Let k(z) = 1420*z + 6060. Calculate k(-4).
380
Let l(k) = -4*k**3 + 42*k**2 + 4579*k - 44. What is l(-29)?
43
Let r(x) = 528*x + 6924. What is r(-13)?
60
Let g(m) = 36*m**2 + 547*m + 19. What is g(-14)?
-583
Let z(o) = 8117*o + 138618. Give z(-17).
629
Let w(y) = 2*y**2 + 128*y + 26. Calculate w(-61).
-340
Let j(c) = -39*c**3 + 1836*c**2 - 142*c + 59. Determine j(47).
12
Let p(u) = -2111*u + 97110. Give p(46).
4
Let w(q) = -148307*q + 296735. What is w(2)?
121
Let r(y) = 3*y**3 - y**2 + 92*y - 283. What is r(3)?
65
Let o(t) = -447*t**2 - 4925*t + 29. Determine o(-11).
117
Let n(q) = -q**2 + 33582*q - 67163. Calculate n(2).
-3
Let q(t) = 2*t**3 - 556*t**2 + 545*t + 2501. Determine q(277).
8
Let j(u) = -7*u**3 + 85*u**2 - 6*u - 180. Give j(12).
-108
Let z(g) = -3*g**2 - 3037*g - 96981. Determine z(-33).
-27
Let z(i) = 196*i - 2072. Calculate z(10).
-112
Let x(h) = 2*h**2 - 219*h - 70259. Calculate x(250).
-9
Let d(z) = -112*z + 14788. What is d(111)?
2356
Let b(s) = -s**3 - 10*s**2 + 217*s + 2247. Give b(-14).
-7
Let x(f) = f**2 + 18875*f + 268. What is x(0)?
268
Let a(v) = -v**3 + 6*v**2 + 1783*v + 13385. Calculate a(-8).
17
Let r(m) = -3*m**2 - 61*m + 1371. What is r(-53)?
-3823
Let o(f) = 966*f - 87939. What is o(91)?
-33
Let q(r) = r**3 - 41*r**2 + 269*r - 245. Calculate q(33).
-80
Let b(s) = -16*s**3 + 141*s**2 - 94*s - 3. Give b(8).
77
Let n(t) = -11*t**2 - 1045*t - 5240. Determine n(-5).
-290
Let r(o) = 58325*o - 758367. Determine r(13).
-142
Let t(z) = -330289*z - 990873. Calculate t(-3).
-6
Let p(v) = 9*v**2 - 601*v + 7828. Calculate p(49).
-12
Let c(p) = -p**3 + 43*p**2 - 332*p + 262. Give c(9).
28
Let b(l) = 11*l**2 - 1596*l - 115468. Give b(-53).
19
Let b(v) = v**3 - 182*v**2 + 400*v - 39645. What is b(181)?
-6
Let o(s) = -1580*s + 14100. What is o(10)?
-1700
Let s(o) = 722*o - 40810. What is s(57)?
344
Let l(a) = 4*a**3 + 563*a**2 - 9518*a - 334. Determine l(-156).
-22
Let f(h) = 797*h + 842. What is f(-1)?
45
Let c(g) = 406106*g - 15432031. Give c(38).
-3
Let c(a) = 153*a**2 - 21563*a - 1501. Determine c(141).
-91
Let q(v) = -91*v**2 - 5*v + 87. Determine q(2).
-287
Let i(u) = -3*u**3 - 69*u**2 - 341*u - 12273. Determine i(-25).
2
Let f(o) = 7*o**3 - 10*o**2 - 274*o + 1281. What is f(4)?
473
Let m(x) = -3*x**3 - 1264*x**2 + 2112*x - 1358. Give m(-423).
-89
Let i(j) = -86*j**2 + 1265*j - 899. What is i(14)?
-45
Let k(q) = 6604*q + 33161. Calculate k(-5).
141
Let y(v) = -v**3 + 6*v**2 + 732*v + 5657. Calculate y(-9).
284
Let q(a) = -a**2 - 8531*a - 1714940. Calculate q(-206).
10
Let t(d) = 137723*d - 1239509. What is t(9)?
-2
Let c(d) = -d**3 + 339*d**2 - 1008*d + 755. What is c(336)?
755
Let j(u) = 917*u - 53215. What is j(58)?
-29
Let y(f) = -2*f**3 + 14*f**2 - 8*f + 18. What is y(11)?
-1038
Let w(u) = -51*u**2 + 1955*u - 653. Determine w(38).
-7
Let n(b) = -122427*b + 1713936. What is n(14)?
-42
Let c(l) = -l**2 + 74*l + 22012. Give c(189).
277
Let i(g) = 639*g + 14019. Determine i(-22).
-39
Let b(p) = 3*p**3 + 498*p**2 - 5292*p - 1971. Calculate b(-176).
141
Let o(q) = -4*q**3 - 99*q**2 + 9*q - 291. Calculate o(-25).
109
Let l(h) = -261*h + 26217. Calculate l(91).
2466
Let x(q) = 39*q**2 - 463*q + 365. Determine x(12).
425
Let o(t) = t**2 + 570*t + 72962. Give o(-376).
18
Let n(l) = -4814*l + 601712. Determine n(125).
-38
Let w(h) = 332*h**2 - 25*h + 44. What is w(3)?
2957
Let o(n) = -91*n - 3371. Calculate o(-38).
87
Let h(t) = -18515*t + 56297. Determine h(3).
752
Let k(h) = -2*h**2 + 788*